 base 11, what is -3 - -15358?
15355
In base 11, what is 1099a + -1?
10999
In base 4, what is 230 + -2101233?
-2101003
In base 15, what is 4 + -99?
-95
In base 16, what is cb7 - -6ca?
1381
In base 6, what is -100330 - 24?
-100354
In base 3, what is 1 + 120010202?
120010210
In base 4, what is 3221300012 - -2?
3221300020
In base 8, what is -431004 - -6?
-430776
In base 10, what is 6675 - 600?
6075
In base 8, what is 3312356 + 4?
3312362
In base 11, what is -395 - -79?
-317
In base 10, what is -2 - 122739?
-122741
In base 9, what is -17372 - 102?
-17474
In base 16, what is -5e2f - -26?
-5e09
In base 16, what is -2 + -4d0f?
-4d11
In base 15, what is 1108 + b8?
11c1
In base 12, what is -7 + -589?
-594
In base 16, what is -93e0 + 3?
-93dd
In base 4, what is -10223 - -13032?
2203
In base 10, what is 4472 + -27?
4445
In base 8, what is 7634 + -52?
7562
In base 13, what is 3c6 - 41?
385
In base 8, what is -2723625 + 4?
-2723621
In base 16, what is 401 + 6e?
46f
In base 9, what is 623 - -43?
666
In base 12, what is 0 + -a2a3a?
-a2a3a
In base 15, what is 4e01 + -15?
4ddb
In base 6, what is 10 - -355?
405
In base 4, what is 0 - -1002232?
1002232
In base 9, what is -1012544 - 2?
-1012546
In base 13, what is -355 - 2c?
-384
In base 16, what is 5 - a9?
-a4
In base 3, what is 101120 + -102002121?
-101201001
In base 8, what is 31210 - -120?
31330
In base 15, what is -63 - 1a03?
-1a66
In base 15, what is -6 - -112b2e?
112b28
In base 4, what is -1 + -1023230000?
-1023230001
In base 13, what is -1226 - 1?
-1227
In base 6, what is 13230435 + 5?
13230444
In base 11, what is 3 - 108158?
-108155
In base 10, what is 4897 + -1?
4896
In base 7, what is 3 - -1033502?
1033505
In base 4, what is -1333 + 32203?
30210
In base 4, what is 1213333 - 10?
1213323
In base 14, what is 14733 + 2c?
14761
In base 16, what is 1 + 40ead?
40eae
In base 8, what is -76 + 2400?
2302
In base 9, what is 433470 + -5?
433464
In base 9, what is -73516 + 1?
-73515
In base 12, what is 2 - 40094?
-40092
In base 7, what is -612602 + -14?
-612616
In base 15, what is 4 + -23cd?
-23c9
In base 4, what is -112 + 10113?
10001
In base 5, what is 331223 + 101?
331324
In base 11, what is 44 + 9997?
9a30
In base 10, what is -10 - -3771?
3761
In base 12, what is -143a3 - 38?
-1441b
In base 16, what is 63 - -1132?
1195
In base 11, what is -6804 - -705?
-60aa
In base 5, what is 24 - 211?
-132
In base 9, what is 5 - 542?
-536
In base 5, what is 111303 + 20401?
132204
In base 13, what is -17154 + -21?
-17175
In base 13, what is -17a6 - 5?
-17ab
In base 11, what is 9093 - a?
9084
In base 8, what is 53114 - -5?
53121
In base 6, what is -1 + -104452?
-104453
In base 7, what is 12566 - 156?
12410
In base 4, what is 31210 + -2032?
23112
In base 12, what is -53 + -10848?
-1089b
In base 4, what is -2 - 12123101?
-12123103
In base 15, what is -5aa - 25?
-5d0
In base 12, what is -16 - -190?
176
In base 16, what is 50ae - 2?
50ac
In base 10, what is -19546 + -2?
-19548
In base 15, what is 8b33 - 31?
8b02
In base 2, what is -11011100100 + -10000001101?
-101011110001
In base 15, what is 508e - -47?
50d6
In base 6, what is -2343452 - -4?
-2343444
In base 8, what is -44 - -702?
636
In base 11, what is 1676 - 30?
1646
In base 12, what is 12 - 2184b?
-21839
In base 14, what is 3 + -ad52c?
-ad529
In base 13, what is -4513 - -5?
-450b
In base 10, what is 14 + 10551?
10565
In base 2, what is -10010110010 - 100011?
-10011010101
In base 9, what is -416 - -3238?
2722
In base 4, what is 1232212 - 13?
1232133
In base 4, what is 11 - 210121?
-210110
In base 13, what is 5 + 1c229c?
1c22a4
In base 12, what is -7680 + 61?
-761b
In base 12, what is -421 + -16b?
-590
In base 10, what is 689 + 2877?
3566
In base 3, what is -12 - -1010222221?
1010222202
In base 13, what is -3 - 6b0c6?
-6b0c9
In base 6, what is 21 - -505214?
505235
In base 8, what is 65 - -4033?
4120
In base 2, what is 111100 - -11000100?
100000000
In base 11, what is a10410 - -5?
a10415
In base 15, what is -1 - -5ee5?
5ee4
In base 14, what is 1dbbdc - 4?
1dbbd8
In base 3, what is -10212011 - -1011?
-10211000
In base 2, what is 101 + 101011111010101100000?
101011111010101100101
In base 3, what is 1112101 + 200120?
2012221
In base 13, what is -391 + -363?
-724
In base 5, what is 10423 - 240?
10133
In base 10, what is -2889331 - -5?
-2889326
In base 7, what is -1 - 33530?
-33531
In base 12, what is -1995118 + -4?
-1995120
In base 2, what is -1 + 1011101001011110100?
1011101001011110011
In base 12, what is -2 + 4097?
4095
In base 12, what is 380 - -5?
385
In base 10, what is 36849 - 0?
36849
In base 7, what is 4 + -54236?
-54232
In base 10, what is -40854 + 17?
-40837
In base 10, what is 5 - 35980?
-35975
In base 8, what is 1552 - 1?
1551
In base 16, what is c - -258c?
2598
In base 15, what is -201e + 4b?
-1ec3
In base 4, what is 20002110 - 132?
20001312
In base 4, what is -2302 + 3111?
203
In base 2, what is -1011100101 - -10010001?
-1001010100
In base 15, what is 3 + 16e35?
16e38
In base 12, what is -121 + -4b9?
-61a
In base 13, what is -2 + 1c1?
1bc
In base 2, what is 1000 - 100101110100101?
-100101110011101
In base 12, what is 4 - 5546?
-5542
In base 8, what is -16 - -164700?
164662
In base 11, what is 39 - -a45?
a83
In base 14, what is -367 - -d?
-358
In base 9, what is 52872 - -12?
52884
In base 14, what is 246 + -a?
23a
In base 4, what is -121131310 + 33?
-121131211
In base 7, what is 346 - -1111?
1460
In base 2, what is -1 + 100101100101?
100101100100
In base 10, what is 3281 - 10?
3271
In base 13, what is -b17a - 3?
-b180
In base 12, what is -8b311 - 3?
-8b314
In base 9, what is -1 + -17681?
-17682
In base 14, what is -2 - -a5c1?
a5bd
In base 10, what is -147 - 28?
-175
In base 6, what is -2111320 - 3?
-2111323
In base 8, what is -74772 + 0?
-74772
In base 2, what is 111111101101110111011 + 0?
111111101101110111011
In base 16, what is -5 + 54fc6?
54fc1
In base 15, what is d8 - 44a?
-362
In base 9, what is 33608478 - -3?
33608482
In base 9, what is -263833 - 1?
-263834
In base 9, what is 2147086 - -3?
2147100
In base 9, what is 5287 - -52?
5350
In base 14, what is 11 + -21c7?
-21b6
In base 15, what is -4 + 6d8e?
6d8a
In base 9, what is 81 - -10525?
10616
In base 11, what is 15710 - -3?
15713
In base 2, what is -10 + 100001010010110110?
100001010010110100
In base 10, what is 2 + -447203?
-447201
In base 6, what is -321144 - 420?
-322004
In base 12, what is 2527303 + 2?
2527305
In base 4, what is 202222003 - 120?
202221223
In base 8, what is -2 + 7631?
7627
In base 8, what is 300155 - -3?
300160
In base 16, what is 4b7e7 - 0?
4b7e7
In base 15, what is -14adc3 - 0?
-14adc3
In base 12, what is -b + -452?
-461
In base 10, what is -1101 - 72?
-1173
In base 12, what is -241ab6 - 8?
-241b02
In base 4, what is -3331010 - 30?
-3331100
In base 5, what is -23 - -30?
2
In base 3, what is 100101 - -21112121?
21212222
In base 8, what is -25 - 5137?
-5164
In base 16, what is -2a + 1523?
14f9
In base 11, what is 38105a + 3?
381062
In base 7, what is -300536 - 4?
-300543
In base 10, what is 763 + 51?
814
In base 11, what is -2 + 97813?
97811
In base 7, what is 4050 + 411?
4461
In base 9, what is -3 - -24082?
24078
In base 14, what is 2d8 + -48?
290
In base 11, what is 0 + -a179?
-a179
In base 15, what is 1 - 91517?
-91516
In base 15, what is 5 + -630b?
-6306
In base 16, what is -b + -3a73?
-3a7e
In base 16, what is 530 + 151?
681
In base 9, what is 2441 + -528?
1812
In base 15, what is 2ee5e1 + -5?
2ee5db
In base 6, what is -2 - 114300?
-114302
In base 5, what is -1111 - -142?
-414
In base 4, what is -13313 + 3?
-13310
In base 4, what is 12 - 1030120?
-1030102
In base 14, what is 2 - 26a00?
-269dc
In base 12, what is a + -237?
-229
In base 6, what is 13 + 232010?
232023
In base 15, what is 2 - 26b13?
-26b11
In base 2, what is -10000000000010 - -110111?
-1111111001011
In base 5, what is 300 + 41441?
42241
In base 13, what is 3 - -1b7541?
1b7544
In base 5, what is -20431234 + 0?
-20431234
In base 9, what is 25710 - 85?
25614
In base 15, what is -2c - -15e5?
15b8
In base 4, what is -11 - 332323023?
-332323100
In base 6, what is -24142 + -11?
-24153
In base 4, what is 1112 + 33122200?
33123312
In base 12, what is 4810b - -5?
48114
In base 15, what is -4768 + 3c?
-472b
In base 14, what is 144